(-127 - -9) composite?
True
Suppose v = 101 + 318. Is v a prime number?
True
Let w(x) = 5*x + 2*x**2 - x**2 - 2*x**2 + 8. Let o be w(6). Suppose -14 = -o*c + 36. Is c prime?
False
Suppose 3*k = -k - 8. Let q = -3 - k. Is q/(-5) + 388/10 prime?
False
Let q = -2352 - -3366. Is (-5)/(-25) - q/(-5) a composite number?
True
Let x = -129 - -946. Is x a composite number?
True
Is ((-654)/15)/((-8)/220) a prime number?
False
Suppose 303 = j - 1228. Is j a prime number?
True
Let l = 7 + -3. Suppose 4*q - 5*f - 1111 = 0, -4*q = -l*f + 169 - 1285. Suppose -4*i - 72 = -q. Is i a prime number?
True
Suppose -31 = -i + 2. Is i composite?
True
Let q(b) = 5*b**2 + 10*b - 12. Is q(11) prime?
False
Let o = 57 - 83. Let d = o - -7. Let p = d + 38. Is p a composite number?
False
Suppose -694 = -64*y + 62*y. Is y composite?
False
Let b(o) = -o**3 + 6*o**2 + 2. Let h be b(6). Suppose -11 = -5*q + h*a + 2, 4*a = -4*q + 16. Suppose 13 = q*f - 2*f. Is f composite?
False
Suppose o - 3771 = 350. Is (-1 + 0)/((-13)/o) prime?
True
Suppose -32 = -3*u - 5*d, 4*u - 39 = -0*u - 3*d. Let n(j) = -j**2 + 9*j + 5. Let b be n(u). Suppose 3*a = -b*g + 143, -66 = -5*g - 4*a + 73. Is g composite?
False
Let b be (2 - 4 - 1)/(-1). Suppose b*f = 132 + 114. Is f composite?
True
Let p(k) = k**2 - 2*k + 7. Is p(12) a prime number?
True
Suppose 4*c + 5*a - 1104 = 0, 2*c = 5*c + 5*a - 833. Suppose 2*m + 3*v = 3*m + 101, -3*m = -v + c. Let y = 126 + m. Is y a composite number?
False
Suppose 0*j + 40 = -5*j. Let i = 12 + j. Suppose -i*g + 3*g + 37 = 0. Is g a prime number?
True
Let p(w) be the second derivative of -w**3/6 - w**2/2 - 2*w. Let z be p(-5). Suppose -2*m - 17 = -z*m - 3*f, 33 = 4*m + 5*f. Is m prime?
True
Let y(m) = 20*m**2 + m - 26. Is y(-13) a prime number?
False
Is 6 + 92/(-16) - (-1323)/4 prime?
True
Suppose 23*m - 1771 = 16*m. Is m a prime number?
False
Suppose -2 = 2*u - 4. Is u - -58 - (5 + -5) a composite number?
False
Let f(h) = h**2 - 5*h + 3. Is f(9) prime?
False
Is ((-22)/10 - -2) + 71152/10 a prime number?
False
Let n be (1 - 2)*0/1. Suppose -3*j + q + 3*q - 64 = n, -2*j - 5*q - 12 = 0. Let c = 3 - j. Is c a prime number?
True
Let a(c) = 60*c**2 + 5*c - 2. Is a(-3) a prime number?
True
Is 6563/(-2)*-4*(-1)/(-2) a prime number?
True
Suppose -5*y = -5*i + 15, 2*i - 1 - 1 = y. Let z(o) = 2*o**2 - 4 + 2 + 4*o - 3. Is z(y) a composite number?
False
Let o be (-8)/24 + 32/6. Suppose 0 = 3*s - 0*u + o*u - 193, 0 = 4*s - 4*u - 300. Is s composite?
False
Suppose 3*r + f - 158 = 407, 5*r - f = 931. Is r composite?
True
Let b(y) = y**3 + 3*y**2 - 4*y + 4. Let h be b(-4). Suppose -d = -3*n + 703, 5*n + h*d - 1203 + 54 = 0. Is n composite?
False
Let i = 17 - 35. Let p = 8 - i. Suppose 0 = 3*l - 40 - p. Is l prime?
False
Suppose 159 = 2*v + 5*a, 2*v + a - 129 = 2*a. Is v a composite number?
False
Let b = 14 - 11. Suppose -1315 = 5*x - 10*x + b*a, -4*x - 2*a = -1052. Is x composite?
False
Suppose 2*r + 663 = 5*o, 5*o - 2*r - 2*r - 671 = 0. Is o a composite number?
False
Let z(l) be the first derivative of 36*l**2 - l - 1. Let c be z(-3). Let m = c - -358. Is m a prime number?
False
Is (66/9)/(4/984*4) composite?
True
Let n(q) = -237*q + 37. Is n(-6) prime?
True
Suppose 0*v + 4*f - 759 = -3*v, -1260 = -5*v - 5*f. Is v a prime number?
False
Let f(d) = -d - 5. Let y(q) be the third derivative of q**4/24 + q**3 - 4*q**2. Let o(p) = 2*f(p) + 3*y(p). Is o(-4) a prime number?
False
Let i(a) = a**3 + 3*a**2 - 3*a + 1. Let q be i(-3). Let u be q*2 - (-12)/6. Suppose -5*o + u = -3*o. Is o a prime number?
True
Let w(a) = 187*a + 25. Is w(10) a prime number?
False
Suppose 5*w + s - 3540 = 6*s, -4*w = -5*s - 2827. Is w a prime number?
False
Is 75 - (-2 - (-6)/(-4 + 1)) composite?
False
Suppose -2*i + 4*i = 0. Suppose i = 2*w - w - 51. Is w a composite number?
True
Let r(i) = i**2 - 8*i - 18. Let y be r(9). Is 9 + y + 202 + 1 prime?
False
Let s = -1 - -3. Suppose y - s*y = -2. Suppose -y*t + 26 = -24. Is t prime?
False
Let l = 256 - -851. Let m = l + -160. Is m prime?
True
Let h(k) = -31*k - 12. Let i be h(-11). Suppose 5*m = i + 386. Is m prime?
False
Let k be (2*5/2)/1. Suppose -k*o + 2 + 3 = 0. Let r(h) = 210*h**3 + 1. Is r(o) a prime number?
True
Let u = -598 - -1100. Is u composite?
True
Suppose -8*l + 175 = -3*l. Let y = 13 + l. Suppose -4*n + 1 = -x, y = -3*x + 5*x + 2*n. Is x a composite number?
False
Let d(p) = -p**3 + 10*p**2 + p + 3. Let v be d(9). Suppose -y + v = -0*y. Suppose 5*o - y = -4*x, x - 5*o = -4*o + 21. Is x prime?
False
Suppose 0 = 2*g + 3*g - 20. Suppose 0 = g*u - 5*m - 80, m - 68 = -4*u + 3*m. Suppose 5*v = -z + 55, -u = -0*z - z + 5*v. Is z a composite number?
True
Is 257142/119 + -2 + (-30)/(-14) composite?
False
Let j(m) = m. Let h be j(2). Suppose -2*o - h*o = 5*i, 0 = -o + 2*i. Suppose 2*y - 30 = -o. Is y prime?
False
Is (-259 - -10)*(-1 - 0) a composite number?
True
Suppose -22*a + 26*a = 380. Is a a composite number?
True
Suppose 4385 + 24180 = 5*o. Is o a composite number?
True
Suppose 4*g - k = 12, -2*g + 2*k = k - 4. Suppose 7 = g*c + 19. Let m(n) = n + 6. Is m(c) composite?
False
Suppose 403 = 4*v - 1761. Is v composite?
False
Let o = 701 + -394. Is o composite?
False
Let t = -10 - -13. Let n be (t/(-6))/(1/(-8)). Suppose 4*r + c - 135 = 0, 78 = 2*r - 0*r + n*c. Is r composite?
True
Let r be ((-2)/(-1))/((-2)/46). Is (2/2)/((-2)/r) a composite number?
False
Suppose 4764 = 4*p - 4*j - 880, 2*j = 0. Is p a prime number?
False
Let j be (0 + 4/(-2))*-2. Suppose a + 3 = 0, 5*a = -5*d + j*d - 1. Is d prime?
False
Let v(d) = -18*d - 19. Is v(-9) composite?
True
Let x(p) = 412*p + 15. Is x(2) prime?
True
Suppose 0 = m - 2*m. Suppose -6 = 5*q - 4*f, 16 - 6 = -3*q + 4*f. Suppose m = 2*u + q*u - 708. Is u composite?
True
Suppose 10*q - 3243 = 7*q. Is q composite?
True
Suppose 3*k = 5*m - 9, -2*m - 11 = -5*m - k. Suppose -3*u - 2*i + 61 = 0, m*u - 20 = -i + 36. Let w = u - -18. Is w a prime number?
False
Suppose -4*i + 26 - 138 = 0. Let d = i + 47. Is d a prime number?
True
Let d = 5 - 2. Suppose d*f = f + 14. Is 23/f - 6/21 prime?
True
Let w(u) = -3*u + 2. Let n be w(-2). Let c(j) = 5*j - 2*j**2 + j**2 + 4 + 3*j + 2. Is c(n) a composite number?
True
Let i(b) = -b**2 + 4*b + 4. Let q be i(4). Suppose -q*f + 12 = 0, 37 = 5*r + 4*f + 10. Is r a composite number?
False
Let k(j) = -3 + j + 6 + 4*j. Let w be -10*3/((-45)/6). Is k(w) a prime number?
True
Let v(p) = 43*p - 1. Let g be v(3). Let s = g - 33. Is s a composite number?
True
Suppose 0*y = y - 3. Let t be ((-450)/y)/(-1) + -2. Is t/6 - (-1)/3 prime?
False
Let f(y) = -y**3 - y**2 + 4*y - 9. Is f(-5) prime?
True
Let a(l) = -84*l - 1. Let b be a(-3). Suppose -r - x + 164 = -b, 3*x + 1688 = 4*r. Is r prime?
True
Let p = 921 + -472. Is p a composite number?
False
Let k(q) = -q**2 + q + 449. Let i = -5 + 5. Let l be k(i). Suppose 269 = 3*w - f, 2*w - 2*f = -3*w + l. Is w prime?
True
Suppose -197 - 408 = 5*w. Let x = -72 - w. Is x a composite number?
True
Is 2361 - ((-6)/(-15))/(2/20) prime?
True
Is (-5 + 123)*((-58)/(-4))/1 a prime number?
False
Let c(a) = -8*a - 11. Let h = -20 + 9. Is c(h) a prime number?
False
Let u = 1019 + -1945. Is 2/(-12) + u/(-12) a composite number?
True
Let v(x) be the third derivative of -x**6/60 - x**5/12 + x**4/12 - x**3/2 + 3*x**2. Suppose -2*d - d = 12. Is v(d) prime?
True
Let u be (8/(-4))/(-2)*188. Let s = 35 + u. Is s prime?
True
Let k(f) = -f**3 - 4*f**2 - 6*f. Let c(i) = i**3 + 2*i**2 - 4*i - 4. Let q be c(-4). Let j be 3/(-6)*q/(-2). Is k(j) composite?
True
Let u be (-32)/(-12) + (-1)/(-3). Suppose -38 = -f - 5*w, u*w - 59 - 10 = -2*f. Let z = f + -10. Is z a composite number?
False
Let t(d) = d + 5. Let c be t(-3). Suppose -6*i = -c*i + 128. Let m = -17 - i. Is m a composite number?
True
Let r(x) be the third derivative of 1/2*x**3 - 2*x**2 - 1/6*x**4 + 0 + 0*x. Is r(-4) composite?
False
Suppose 0 = -3*u - 6*u + 32769. Is u composite?
True
Let o be 6*(-6)/(-9)*1. Suppose -o*v + 420 = v. Suppose -2*j + v = -74. Is j a prime number?
True
Suppose -4*c + 3 = -c. Let w be -1*c + (-5 - -8). Suppose -3*p - 135 = -3*b, -w*p = -3*b - 0*p + 139. Is b a prime number?
False
Suppose 2030 = 2*r + 64. Is r a prime number?
True
Let x = 546 - 131. Is x composite?
True
Let v(g) = 69*g + 3. Let p(u) = -3